sands digit of 23041?
3
What is the units digit of 9999?
9
What is the tens digit of 860?
6
What is the units digit of 20649?
9
What is the ten thousands digit of 147898?
4
What is the hundreds digit of 2693?
6
What is the thousands digit of 5105?
5
What is the tens digit of 552?
5
What is the ten thousands digit of 16451?
1
What is the hundreds digit of 196?
1
What is the thousands digit of 50349?
0
What is the hundreds digit of 50617?
6
What is the tens digit of 103547?
4
What is the hundreds digit of 1267?
2
What is the units digit of 2540?
0
What is the tens digit of 399?
9
What is the units digit of 3955?
5
What is the ten thousands digit of 24918?
2
What is the hundreds digit of 122537?
5
What is the units digit of 1295?
5
What is the tens digit of 1715?
1
What is the thousands digit of 3328?
3
What is the tens digit of 300?
0
What is the hundreds digit of 194?
1
What is the tens digit of 3615?
1
What is the tens digit of 844?
4
What is the units digit of 6979?
9
What is the ten thousands digit of 35192?
3
What is the units digit of 6125?
5
What is the hundreds digit of 831?
8
What is the tens digit of 222?
2
What is the tens digit of 30454?
5
What is the hundreds digit of 8760?
7
What is the units digit of 8720?
0
What is the tens digit of 92?
9
What is the tens digit of 28862?
6
What is the thousands digit of 20303?
0
What is the hundreds digit of 2629?
6
What is the thousands digit of 4067?
4
What is the tens digit of 966?
6
What is the ten thousands digit of 42915?
4
What is the hundreds digit of 10828?
8
What is the tens digit of 1942?
4
What is the ten thousands digit of 11893?
1
What is the tens digit of 15622?
2
What is the thousands digit of 19793?
9
What is the tens digit of 1165?
6
What is the units digit of 3576?
6
What is the units digit of 7815?
5
What is the thousands digit of 29724?
9
What is the ten thousands digit of 22640?
2
What is the ten thousands digit of 35642?
3
What is the tens digit of 2912?
1
What is the hundreds digit of 2220?
2
What is the units digit of 26173?
3
What is the thousands digit of 21557?
1
What is the thousands digit of 5717?
5
What is the hundreds digit of 4857?
8
What is the units digit of 90711?
1
What is the thousands digit of 85534?
5
What is the thousands digit of 18667?
8
What is the ten thousands digit of 120763?
2
What is the units digit of 27978?
8
What is the thousands digit of 15334?
5
What is the thousands digit of 47031?
7
What is the tens digit of 581?
8
What is the hundreds digit of 4224?
2
What is the thousands digit of 5764?
5
What is the units digit of 788?
8
What is the hundreds digit of 10706?
7
What is the units digit of 19967?
7
What is the hundreds digit of 694?
6
What is the thousands digit of 40841?
0
What is the thousands digit of 5233?
5
What is the units digit of 512?
2
What is the units digit of 4572?
2
What is the tens digit of 260?
6
What is the thousands digit of 1844?
1
What is the tens digit of 11235?
3
What is the hundreds digit of 1249?
2
What is the units digit of 394?
4
What is the units digit of 1864?
4
What is the units digit of 6005?
5
What is the hundreds digit of 940?
9
What is the hundreds digit of 27006?
0
What is the tens digit of 29042?
4
What is the thousands digit of 39404?
9
What is the units digit of 603?
3
What is the thousands digit of 3556?
3
What is the hundreds digit of 872?
8
What is the hundreds digit of 94756?
7
What is the tens digit of 36053?
5
What is the thousands digit of 32641?
2
What is the units digit of 1306?
6
What is the units digit of 35713?
3
What is the hundreds digit of 77855?
8
What is the tens digit of 2605?
0
What is the units digit of 10478?
8
What is the hundreds digit of 563?
5
What is the units digit of 6160?
0
What is the units digit of 35331?
1
What is the thousands digit of 5892?
5
What is the tens digit of 1310?
1
What is the hundreds digit of 52320?
3
What is the units digit of 3381?
1
What is the units digit of 3520?
0
What is the units digit of 9305?
5
What is the hundreds digit of 663?
6
What is the tens digit of 26541?
4
What is the thousands digit of 1593?
1
What is the units digit of 9162?
2
What is the thousands digit of 43848?
3
What is the ten thousands digit of 27304?
2
What is the hundreds digit of 1712?
7
What is the hundreds digit of 157752?
7
What is the thousands digit of 3477?
3
What is the hundreds digit of 4487?
4
What is the tens digit of 57585?
8
What is the tens digit of 1419?
1
What is the tens digit of 160?
6
What is the units digit of 8902?
2
What is the tens digit of 28520?
2
What is the thousands digit of 3163?
3
What is the hundreds digit of 894?
8
What is the thousands digit of 4417?
4
What is the ten thousands digit of 41484?
4
What is the units digit of 8086?
6
What is the thousands digit of 54994?
4
What is the hundreds digit of 23948?
9
What is the tens digit of 32218?
1
What is the hundreds digit of 722?
7
What is the hundreds digit of 51607?
6
What is the tens digit of 88?
8
What is the hundreds digit of 947?
9
What is the tens digit of 4227?
2
What is the units digit of 527?
7
What is the hundreds digit of 1148?
1
What is the hundreds digit of 6824?
8
What is the hundreds digit of 14000?
0
What is the units digit of 1561?
1
What is the units digit of 1100?
0
What is the thousands digit of 1066?
1
What is the thousands digit of 2093?
2
What is the thousands digit of 193253?
3
What is the thousands digit of 19453?
9
What is the units digit of 12268?
8
What is the units digit of 48072?
2
What is the units digit of 2816?
6
What is the thousands digit of 3839?
3
What is the tens digit of 17962?
6
What is the thousands digit of 4238?
4
What is the tens digit of 4817?
1
What is the units digit of 1291?
1
What is the hundreds digit of 73469?
4
What is the ten thousands digit of 66338?
6
What is the units digit of 97?
7
What is the hundreds digit of 97763?
7
What is the ten thousands digit of 15241?
1
What is the units digit of 5811?
1
What is the units digit of 75875?
5
What is the units digit of 10?
0
What is the tens digit of 2022?
2
What is the thousands digit of 52442?
2
What is the ten thousands digit of 16530?
1
What is the tens digit of 87?
8
What is the thousands digit of 59203?
9
What is the tens digit of 798?
9
What is the units digit of 606?
6
What is the tens digit of 1718?
1
What is the hundreds digit of 649?
6
What is the hundreds digit of 1076?
0
What is the units digit of 1194?
4
What is the units digit of 1174?
4
What is the units digit of 84062?
2
What is the tens digit of 3442?
4
What is the hundreds digit of 25646?
6
What is the hundreds digit of 33885?
8
What is the tens digit of 10726?
2
What is the thousands digit of 67273?
7
What is the tens digit of 99323?
2
What is the hundreds digit of 1061?
0
What is the thousands digit of 14775?
4
What is the hundreds digit of 166?
1
What is the tens digit of 82?
8
What is the thousands digit of 52516?
2
What is the units digit of 898?
8
What is the tens digit of 1066?
6
What is the thousands digit of 1865?
1
What is the thousands digit of 1454?
1
What is the hundreds digit of 6741?
7
What is the hundred thousands digit of 124523?
1
What is the tens digit of 824?
2
What is the tens digit of 450?
5
What is the ten thousands digit of 23703?
2
What is the hundreds digit of 91609?
6
What is the thousands digit of 11470?
1
What is the tens digit of 2443?
4
What is the units digit of 311?
1
What is the hundreds digit of 1048?
0
What is the thousands digit of 13055?
3
What is the hundreds digit of 1430?
4
What is the units digit of 14051?
1
What is the units digit of 2474?
4
What is the tens digit of 2508?
0
What is the thousands digit of 3655?
3
What is the hundreds digit of 908?
9
What is the units digit of 66437?
7
What is the units digit of 5000?
0
What is the units digit of 879?
9
What is the tens digit of 35666?
6
What is the ten thousands digit of 28244?
2
What is the thousands digit of 25179?
5
What is the units digit of 2615?
5
What is the tens digit of 18675?
7
What is the hundreds digit of 936?
9
What is the hundreds digit of 302?
3
What is the hundred thousands digit of 125660?
1
What is the ten thousands digit of 56785?
5
What is the tens digit of 6197?
9
What is the hundreds digit of 6185?
1
What is the tens d